 = -27 + 7. Suppose -m*v - 2 = i + v, -2*i + v = -7. Suppose 0 = 8*r - i*r - 20. Does 2 divide r?
True
Suppose -4*x = -x - 2*k - 40, -k = -x + 12. Suppose 89 = 5*q - x. Let d = q - 11. Is 9 a factor of d?
False
Let b be 0 - (-2 - -1) - -1. Let h = 6 - b. Suppose 0 = -j - 2, -h*m = -0*j + j - 22. Is 6 a factor of m?
True
Let m be 1/5 + 7/(-35). Suppose 5*u + x - 266 = m, 0 = 4*x - x + 12. Is 21 a factor of u?
False
Suppose -7*r + 2*r = 10. Let g = 2 + r. Suppose -3*s + 18 + 0 = g. Is 6 a factor of s?
True
Let t be 1/2 - (-25)/10. Suppose -3*g + 5 = -h - 5, 6 = 3*g - t*h. Suppose 42 = g*l - 62. Is l a multiple of 15?
False
Suppose -l - 2*w = w + 5, -4*w = 5*l - 8. Let v(n) = n**2 + 3 - l*n**3 - 3*n - 1 + 2*n**3 - 4. Is 10 a factor of v(-2)?
False
Let n = -1 + -1. Is 1/2 + (-45)/n a multiple of 23?
True
Suppose 4*d = 5*p + 4, -5*d - 3*p = -5*p + 12. Let t be 308/3 + d/6. Suppose -t = -3*v - 0*v. Does 17 divide v?
True
Let l = -93 - -122. Does 3 divide l?
False
Suppose -3*k + 9 = 0, -3*q + q + 4*k + 6 = 0. Let h = -5 + q. Is 114/h - 1/(-2) a multiple of 13?
False
Suppose o = 5*o - 312. Does 26 divide o?
True
Suppose 0 = 5*w - 85 + 15. Is w/5*25/10 a multiple of 7?
True
Suppose 3*b + 24 = -30. Suppose 38 = k + 2*i, 0*i - 125 = -3*k + 5*i. Let m = b + k. Is 11 a factor of m?
True
Let c = 19 - 8. Let a = 1 + c. Is a a multiple of 12?
True
Let u(j) = -j**3 - j**2 + 9*j + 2. Let m be u(-6). Does 21 divide (m/12)/((-2)/(-9))?
False
Suppose -2*g + 4 = -n, 2*g = 7*g - n - 7. Let z(w) = -w + w**2 - 1 - g + 0*w**2 + 0. Is z(4) a multiple of 5?
True
Let a(b) = 14*b - 2 - b**2 + 0 - 4 - 6. Is a(8) a multiple of 12?
True
Let i(a) = 16*a**3 - 2*a**2 + a. Let y be i(1). Let u = -3 - -5. Suppose 3*f + u*f = y. Is f even?
False
Suppose 5*z - c - 29 = 0, -3*z + c + 4 + 13 = 0. Is 11 a factor of (-303)/(-9) - 4/z?
True
Let p = -24 - -42. Let r = p - 7. Is 2 a factor of r?
False
Let c = 158 - 38. Is c a multiple of 24?
True
Is 4/12*(1 + -1 - -33) a multiple of 6?
False
Let f be (0 - 3)*4/2. Let i be ((-140)/f)/(2/9). Suppose 5*x + i = 4*q + q, -60 = -3*q + 4*x. Does 11 divide q?
False
Let p = -3 - -3. Suppose h - 13 = -p*z - z, 2*z + 100 = 5*h. Is h a multiple of 9?
True
Let n(v) = -v - 3. Let s be n(-6). Let y(x) = -x**3 + 4*x**2 - 2*x. Let k be y(2). Suppose -2*u - 3*u + s*w + 79 = 0, 2*w - k = 0. Is 14 a factor of u?
False
Let i = 2 + -3. Let q be i + 1 + 2 + -5. Let t(u) = u**3 + 5*u**2 + 2*u - 2. Does 4 divide t(q)?
False
Let i(w) = 12*w**2 + 2*w - 1. Let t be i(-2). Suppose l - t = -1. Is 23 a factor of l?
False
Let h be (-1)/(-1) + (2 - -1). Suppose 4*k - 5*k + 2*p = -6, h*p = 4*k - 20. Is 2 a factor of k?
True
Let n = -1 - 4. Let g = n + 15. Is 10 a factor of g?
True
Let g = 3 + 1. Suppose o - g = -3*o. Let i(k) = 30*k. Does 14 divide i(o)?
False
Let c(m) = m**2 + m + 21. Let b be c(0). Suppose 0 = 4*z + b + 3. Does 12 divide z/((-9)/3) + 34?
True
Let u be 1/(-2) - 213/(-6). Suppose -5*t + 5*k = -u, 3*t + 2*k = -t + 40. Is t a multiple of 9?
True
Suppose -3*o = -32 + 8. Suppose 0 = -s + o - 3. Suppose 2*y = s*y - 90. Does 10 divide y?
True
Suppose -o = -5 + 1. Is o even?
True
Let v be (-28)/(-4) - (5 + -2). Suppose -x = -v*d + 66, d + x - 15 = 2*x. Is d a multiple of 8?
False
Let q be (-3 + 4/2)*-3. Suppose -q*z = -5*z + 4. Suppose z*p - 5*p = -114. Does 19 divide p?
True
Let c = -74 + 101. Is c a multiple of 7?
False
Let o(x) = -x**3 + 12*x**2 - 14*x. Let z be o(10). Is 2330/z + 1/6 a multiple of 13?
True
Let g(n) = -7*n - 46. Is 26 a factor of g(-25)?
False
Let a be (-1 - -7)*35/5. Suppose -2*q + 6 = 4*c, -7*q + 2*q - c = -a. Suppose -12 = -3*v + q. Is 7 a factor of v?
True
Let s = -10 - -30. Suppose s = -j + 2*j. Is j a multiple of 8?
False
Let f = 8 + -17. Let g(r) = r**2 + 12*r - 5. Let p be g(f). Let s = p + 46. Is s a multiple of 12?
False
Let c be (-2)/(-3 + (6 - 2)). Let j = 17 + c. Does 15 divide j?
True
Let b = 0 + 6. Let i(q) = 16*q**2 + b*q - 14*q**2 + 3*q. Is i(-6) a multiple of 12?
False
Let a = 13 - 8. Suppose -a*x = -10 - 5, 0 = 3*z - 5*x - 51. Suppose -4*v - 2*p + 56 = z, -44 = -5*v - p. Does 9 divide v?
True
Suppose -3*x + 0*k + 3*k + 243 = 0, -414 = -5*x + 2*k. Does 14 divide x?
True
Is (2 - 2792/(-9)) + (-16)/72 a multiple of 52?
True
Suppose r + 3*r + 5*h = 123, -3*r = -2*h - 75. Suppose 5*l + r = -f + 97, -65 = -f - 4*l. Is f a multiple of 13?
False
Suppose 0 = -3*l - v + 365, l - v = 2*l - 125. Does 30 divide l?
True
Is 4 a factor of 9 + 0*(-4)/(-8)?
False
Let g(k) = -k - 3. Suppose 0*t + 4*t + 20 = 0. Is g(t) a multiple of 2?
True
Let z(l) = 3*l**2 - 6*l**2 - l**2 + 5*l**2 + 2. Does 9 divide z(-4)?
True
Let n(s) = 7*s + 28. Is n(7) a multiple of 9?
False
Let p(y) = 18*y + 14. Does 26 divide p(5)?
True
Let h = 10 - 7. Suppose h*p + 0*p - 42 = 0. Does 8 divide p?
False
Suppose n + b = 16, -b - 3*b = -3*n + 13. Let w = 30 - n. Is 7 a factor of w?
False
Let q = 0 + 0. Is 4 a factor of (-4)/(-3)*(q + 9)?
True
Suppose 2*f - 3*n - 67 = -7, 0 = 2*f - 2*n - 64. Is 9 a factor of f?
True
Let q be (-2)/10 - (-117)/(-15). Is 6 a factor of 1*q/((-2)/2)?
False
Let j(a) = 7*a + 1 + 2 + 3. Is 16 a factor of j(6)?
True
Suppose -12 = 6*h - 2*h. Let l be (-2)/(-3)*h/2. Is 7 a factor of 2*(l + (-9)/(-2))?
True
Suppose -2 = -3*o + 4. Suppose o*i + 4 = 28. Is 12 a factor of i?
True
Is 2 a factor of ((-8)/14)/((-24)/420)?
True
Suppose -j = 2*j - 3. Let i(s) = 18*s**3 + 1. Is 13 a factor of i(j)?
False
Let u(x) = -x**3 + 7*x**2 - 6*x - 7. Is 9 a factor of u(5)?
False
Let p(r) = -r**3 - 2*r**2 + r - 4. Let y be p(-3). Suppose -f = y*k - 31, 0 = f + 3*f + 4*k - 120. Is 21 a factor of f?
False
Let x = 2 + 1. Suppose s = -2*d - 2*s + 40, -22 = -x*d + 5*s. Suppose -t = -2*t + d. Does 11 divide t?
False
Does 9 divide 1/((-1 - (-1 + -2))/230)?
False
Let p(x) = 5*x - 3. Let o(j) = -2*j + 21 - 8 - 19*j. Let h(u) = -2*o(u) - 9*p(u). Does 7 divide h(-2)?
True
Let g be (-4)/(-6)*90/12. Suppose 2*y = -4*m - 92, -2*m - 2*m + g*y - 92 = 0. Let s = 44 + m. Is 20 a factor of s?
False
Suppose d + 0*x - 24 = -x, 5*d + 3*x - 118 = 0. Suppose t = -2*w + d, 5*t + 2*w = 7 + 92. Is t a multiple of 19?
True
Let i(u) = -u**2 - 11*u + 34. Does 11 divide i(-11)?
False
Let b = 102 - -41. Does 13 divide b?
True
Let n(y) = -y**3 - 5*y**2 - 3*y. Does 15 divide n(-5)?
True
Let r(w) = 13*w**3 + 57*w**2 + 43*w - 4. Let i(t) = -3*t**3 - 14*t**2 - 11*t + 1. Let v(y) = 9*i(y) + 2*r(y). Does 13 divide v(-11)?
False
Suppose 5*s = 5, -2*q + 3*s = -42 - 71. Does 15 divide q?
False
Let j(r) = -r - 10. Let g be j(-9). Is 10 a factor of g/(-1 + (-120)/(-123))?
False
Let g be (4/12)/(2/18). Suppose -g*k + 66 = -0*k. Does 9 divide k?
False
Let n = -106 + 136. Is n a multiple of 12?
False
Let r(d) = -d**3 - 3*d**2 - 1. Is 5 a factor of r(-4)?
True
Suppose -4*t = -74 - 14. Does 22 divide t?
True
Suppose 4*p - 3 - 17 = 0. Let f = -3 + p. Suppose f*g = -2*g - 20, 5*g + 5 = -2*z. Does 3 divide z?
False
Let u be 2/(-3) + 149/3. Let r = u - 74. Is -1 - r/((-2)/(-2)) a multiple of 9?
False
Let h be (4/(-2))/2 + 5. Suppose 0 = -3*p + r - h*r + 180, -2*r = p - 56. Suppose 32 = 2*a - p. Is a a multiple of 16?
True
Let p(o) = o**3 - 2*o. Let n be p(2). Suppose n*w - w = 420. Suppose k = -3*k + w. Does 14 divide k?
False
Let j = 20 + -18. Suppose 0 = -j*w + w + 16. Is w a multiple of 16?
True
Let d = 1 - -3. Let m = d + -4. Suppose 10 + m = s. Is 8 a factor of s?
False
Let h(a) = -a**3 + 3*a**2 - a - 7 - 2*a + 3*a**2. Let b be h(6). Let g = 18 - b. Is 20 a factor of g?
False
Let x = -3 + 2. Let u(g) = -28*g**3 - 2*g - 1. Is u(x) a multiple of 9?
False
Let m(d) = d**3 + d**2 - 8. Let k be m(4). Suppose 0*t - 2*t = -k. Is 12 a factor of t?
True
Suppose -g + 117 = p, 0 = -g + 4*g + p - 357. Does 40 divide g?
True
Suppose 0 = -o - 4*o + 15. Suppose 6 = o*z + r, -3*r - 9 = z + r. Suppose 0 = -c - 3*l - z, -2*c + 0*c + l + 15 = 0. Is 3 a factor of c?
True
Let d be 2/10 + (-84)/(-5). Suppose -2*i = -2*y + 16, 4*i = 3 + d. Does 11 divide y?
False
Let w(s) = -21*s. Let d be w(-3). Let t = -26 + d. Let a = t - 22. Is a a multiple of 15?
True
Suppose 0 = -9*a + 4*a + 25. Suppose 0 = n + 4*q - 21 + 6, -a*q = 4*n - 27. Suppose 7*z = n*z + 184. Is z a multiple of 15?
False
Let u(y) = y + 1. Let d(b) = -5*b - 2. Let s(w) = d(w)